ine n(a).
11
Let y(s) = -3*s**2 + 6*s - 626 + 636 - 7*s. Give y(3).
-20
Let b(u) = u**2 + 11*u + 7. Suppose -7*x = 6*x + 182. Let i(g) = g**3 - 3*g**2 + 4. Let p be i(3). Let a = x + p. Calculate b(a).
-3
Let c(i) = -2*i**3 + 3*i**3 - 686*i**2 - 693*i**2 + 48 + 1387*i**2 - 3*i. Calculate c(-9).
-6
Let d(q) = -5*q**3 + 7*q**2 - 7*q - 8. Let c(h) = -13*h**3 + 15*h**2 - 17*h - 14. Let v(m) = 2*c(m) - 5*d(m). Calculate v(-5).
7
Suppose 43*h - 37*h = 144. Suppose 3*t + 18 = 3*y, -3*y + 0*t + 5*t + h = 0. Let q = y - 10. Let a(m) = -m**3 - 6*m**2 + 5*m - 4. Determine a(q).
10
Let f = 258 + -195. Let n = f + -61. Let t(k) = 2*k - 1. Calculate t(n).
3
Let a = -63 - 5. Let g = a - -73. Let m(h) = -h + 5*h - g*h + 8. Give m(6).
2
Let c(n) = -478*n**2 + 13*n + 959*n**2 - 16 - 482*n**2 - 29. Give c(9).
-9
Let k(j) = -1. Let w(m) = -5*m - 11. Let z(p) = -4*p - 9. Let x(r) = -6*w(r) + 7*z(r). Let c(y) = -6*k(y) - 2*x(y). Determine c(-5).
20
Let j(o) = -6*o**2 + 4*o - 5. Let r = -2314 - -2316. Calculate j(r).
-21
Let t(d) be the second derivative of -d**4/12 - 7*d**3/3 - 21*d**2/2 + 321*d. Calculate t(-11).
12
Let d be 2 + 2 + 9 + 0 + 0. Suppose -d*q + 11*q = 192. Let s = 95 + q. Let h(a) = -a**3 - a**2 + a + 1. Give h(s).
0
Suppose -5*a + 518 = 2*a. Suppose -a*n = -71*n + 24. Let j(h) = -h**2 - 10*h - 6. Give j(n).
10
Let g(a) = -2*a + 15. Let t = 8266 + -8286. What is g(t)?
55
Let z(a) = -2*a - 14. Let m be (35*(-15)/75)/(4/(-4)). What is z(m)?
-28
Let k = 398 + -395. Suppose -18 = -2*m - 2. Let s(f) = -15*f + k + 8*f - 2 + m*f. Give s(-4).
-3
Let s be 6/((-30)/(-65)) + -43. Let n(w) = -w**2 - 30*w + 33. Determine n(s).
33
Suppose -33*j - 407 + 440 = 0. Suppose -4*i + 2*n = -2 + 4, 3*n = -i + 3. Let r(a) = -a**2 - 1 + 0*a**2 - 9*a**3 + 2*a + i. What is r(j)?
-9
Suppose 5*t = 5*p - 50, 3*p + 0*t + t = 2. Let u(y) = -8*y**2 - 7. What is u(p)?
-79
Let i be (-15)/(-36)*4 + (-242)/66. Let b(k) = 2*k**3 + 3*k**2 + 4*k + 3. Determine b(i).
-9
Let p be ((-21)/(-9))/((-2)/6). Let c(s) = 2*s + 5. Let w be c(0). Let q(h) = h + w*h**2 + h**2 + 9 + h**3 + 7*h - 12*h. Calculate q(p).
-12
Let c(h) = -h**2 + 5*h - 6. Let u be (-10)/7 - (-130)/91. Let d = 7 + -11. Let x be (((-48)/d)/(-3))/(u - 1). Give c(x).
-2
Let n(v) = v**3 - 7*v**2 + 2*v + 5. Suppose 35*h = 39*h - 52. Let m(f) = 19*f - 240. Let z be m(h). Give n(z).
19
Let w(z) = -25*z + 20. Let u be w(3). Let n be ((-10)/(-55))/((-5)/u). Let k(s) = 2 - 6*s - 3 + 4*s. What is k(n)?
-5
Let i be (-9)/((-63)/56) + (0 - 5) + 1. Let y(a) = -a**3 + 4*a**2 + 7*a - 5. What is y(i)?
23
Let w(t) = -t**3 - 10*t**2 - 14*t + 1. Let d(v) = 102*v - 2151. Let z be d(21). Calculate w(z).
46
Let c = -3 + 18. Suppose c*u = 14*u. Suppose -2*v + 0*v - 2 = u. Let w(m) = 9*m**3 - m**2 + m + 1. What is w(v)?
-10
Suppose -33 = 83*x + 50. Let a(m) = -16*m. Calculate a(x).
16
Suppose -6*x + 9 + 0 = 21. Suppose 4*n = 3*n + 5, r - n + 1 = 0. Let k be 1/x + (-2)/r. Let c(z) = -26*z**3 - 2*z**2 - 2*z - 1. Determine c(k).
25
Let b(n) = -46*n - 8*n**2 - 7*n**2 - 14 - n**3 - 17*n**2 + 17*n**2. Give b(-11).
8
Let a(u) = 34 - u**3 - 10 + 34*u**2 - 53*u**2 - 17*u. Let q be a(-18). Let r(v) = -2*v + 6. Determine r(q).
-6
Let p(h) = -2*h. Let b be 14*(-2)/(-6)*(3 + 0). Let s be ((-440)/(-35) - 9) + (-8)/b. What is p(s)?
-6
Let w(g) = -g**3 + 5*g**2 - g - 5. Let t(u) = 2*u**2 - 7*u + 11. Suppose -6 = 3*r - 24. Let d be t(r). Let i = 45 - d. What is w(i)?
7
Let r(v) = -7*v**3 + 3*v**2 - 4*v - 16. Suppose 17*z = -31 - 71. Let t(u) = 13*u**3 - 7*u**2 + 8*u + 31. Let l(y) = z*t(y) - 11*r(y). Calculate l(8).
22
Let a(f) = 19*f**2 + 7*f + 11. Let v(i) = 142*i**2 + 49*i + 75. Let u(m) = -15*a(m) + 2*v(m). Give u(-8).
-23
Let p(y) = -511*y + 659. Let m(g) = -85*g + 111. Let i(n) = 37*m(n) - 6*p(n). Calculate i(2).
-5
Suppose -10*x - 225 = -215. Let h(g) = -12*g - 6. Determine h(x).
6
Let r(g) = 2*g - 1. Let s be r(20). Let n = 61 - s. Let h(f) = -f - 15 - n + 28. Determine h(-4).
-5
Let x(j) = -j**3 + 7*j**2 + 5*j + 9. Let n(v) = 2*v**3 - 17*v**2 - 12*v - 18. Let p(c) = -2*n(c) - 5*x(c). Suppose -12 = -3*f, 3 + 28 = 5*l + 4*f. Give p(l).
6
Let y(u) = -4*u**2 + 3*u**2 + u + 199 - 136 + 4*u. Let j be y(-6). Let o be (1 - j/(-2))*6. Let m(v) = 9*v + 4. Determine m(o).
-23
Let s(m) = -28*m**2 + 41*m**2 - 19*m - m**3 - 35*m**2 + 41. Let p be s(-21). Let f(i) = 11*i**3 + i**2 + i. Determine f(p).
-11
Let h = -617 + 623. Let k(t) be the first derivative of -t**5/60 + 7*t**4/24 - 3*t**3/2 - 3*t**2/2 + 2. Let g(b) be the second derivative of k(b). Give g(h).
-3
Suppose 0 = 2*f + 2*f + 28. Let v(o) = -9 - 8*o**2 + 39 - 16289*o + 16285*o - o**3. Let x be v(f). Let c(h) = -h**2 + 7*h + 12. Give c(x).
-6
Let t(j) be the second derivative of -1/3*j**3 + 39/2*j**2 + 0 + 37*j. Calculate t(24).
-9
Let u(a) = 22*a - 244. Let k = 162 + -151. What is u(k)?
-2
Let g(j) = 2*j**2 + 14. Let h(p) = p**2 + 14. Suppose 5*b = -8 + 23. Let w(c) = b*h(c) - 4*g(c). Let m(n) be the first derivative of w(n). Determine m(-1).
10
Let d(s) be the second derivative of 1/3*s**3 - 4*s + 7 + s**2. Let z(w) = -w**2 - 6*w + 2. Let r be z(-6). Determine d(r).
6
Let d = 966 - 973. Let v(o) = -3*o + 3. Let i(f) = 4*f - 3. Let h(a) = a**2 - 10*a + 6. Let k be h(9). Let j(m) = k*v(m) - 2*i(m). Determine j(d).
-10
Let i(s) be the first derivative of -20*s**3/3 + 123*s**2/2 - 15*s + 932. Determine i(6).
3
Let x(o) be the third derivative of o**6/120 - o**5/10 + o**4/6 - 7*o**3/6 + 245*o**2. What is x(5)?
-12
Let p(d) = 10 + 0 - 4 - 7 - 15*d + 16*d. Determine p(4).
3
Let m(l) = 14 + 24 + l - 78 + 24 + 23. Determine m(3).
10
Let d(n) be the first derivative of 7/3*n**3 + 3*n - 22 + 2*n**2. Suppose -3*y - 5 = -u, -2 - 3 = y + 3*u. Determine d(y).
23
Let r(d) be the second derivative of d**3/3 + d**2/2 - 942*d + 1. Calculate r(16).
33
Let d(t) = -6*t + 37 - 18 - 10 - 10. Let i be (-7 - -8)/(1*-1) - -4. Suppose 3*b - 3*c = -3, 4*c - 2*c + i = -3*b. What is d(b)?
5
Let b(y) be the third derivative of -7*y**2 + y**3 + 1/8*y**4 + 0 + 2*y. What is b(-4)?
-6
Let f be (-5)/((-351)/(-45) - 8). Let v(r) = -f*r + 60*r - 13 - 36*r. Determine v(0).
-13
Let s(g) = -g**2 + 82*g - 371. Let z be s(5). Let n(b) = b**3 - 13*b**2 - 11*b + 1. Calculate n(z).
43
Let g(r) be the third derivative of -r**4/24 - r**3/2 + 5*r**2. Let w be g(-9). Let b(x) = 809*x**2 - 3*x**3 - 7 + 2*x**3 - 804*x**2 + 6*x. Determine b(w).
-7
Let j(n) = -19*n**2 - 5*n - 82. Let g(f) = 5*f**2 + f + 3. Let w(o) = 4*g(o) + j(o). Give w(8).
-14
Let m(p) = 5*p**3 - 58*p**2 + 85*p - 54. Let q(a) = -a**3 + 11*a**2 - 17*a + 12. Let d(s) = -3*m(s) - 16*q(s). Determine d(2).
4
Suppose -3*j - 15*j + 18 = 0. Let r(n) = -7*n + 8 - 2 + j - 6*n**2 + 16*n - n**3 - 5*n. Give r(-6).
-17
Let s(m) be the second derivative of 22*m**3/3 - 265*m**2/2 + 746*m + 3. What is s(6)?
-1
Let l(u) = -u**2 - 37*u - 16. Let c(i) = 2*i**2 + 87*i + 36. Let f(t) = 2*c(t) + 5*l(t). Suppose 6*n - n + 49 = -g, -4 = -4*g. Give f(n).
2
Let c(s) = 146*s + 16. Let n(m) = 175*m + 16. Let k(f) = -6*c(f) + 5*n(f). Calculate k(-5).
-11
Let t(d) = -3*d**2 + 16*d - 26. Let o be (-5 + 5*28/20)*(-1)/(-1). Calculate t(o).
-6
Let o(a) = 1395*a**3 - a - 753*a**3 - 637*a**3. What is o(1)?
4
Suppose 0*s = 3*s + 4*c - 22, 0 = -5*c + 20. Let y(n) = 2*n**s - n**2 + 2*n - 16*n + 4. What is y(14)?
4
Let t(o) = o**2 + 388*o - 9022. Let l be t(22). Let v(z) = -20*z - 18. What is v(l)?
22
Let v(n) = 0*n**3 - 7*n**2 - 92*n - 97*n + 179*n - n**3 + 0*n**3 - 10. Give v(-4).
-18
Let m(p) = -p**2 + 2*p + 2. Let x(c) = -11*c**3 - 2*c**2 + 2*c - 4. Let u be x(3). Let n = 316 + u. Calculate m(n).
-1
Let d(b) = -62 + 39*b + 20 + 13 - 40*b. Calculate d(-37).
8
Let r(y) be the second derivative of -y**4/3 - y**3/2 + y**2 + y - 1612. Determine r(0).
2
Suppose 0 = 42*t - 115*t + 174 + 118. Let r(g) = -g**3 + 2*g**2 + 6*g - 1. Determine r(t).
-9
Suppose 16 + 0 = -2*j. Let x(f) = -43*f**2 + 25*f - 29. Let g(u) = 24*u**2 - 13*u + 16. Let z(r) = 9*g(r) + 5*x(r). What is z(j)?
-1
Let t(d) = -2*d**2 - 2*d**2 + 4*d - 5 + 5*d**2. Let n(m) = -2*m - 7. Let i be n(-6). Suppose -i*o - 39 = -14. Calculate t(o).
0
Let k = -33703 + 33703. Let j(p) be the third derivative of 0 + 1/6*p**4 + k*p - 1/120*p**6 + 36*p**2 + 2/3*p**3 - 1/20*p**5. Calculate 